site number?
False
Is 42959347 composite?
True
Is 131787245 a composite number?
True
Is 2209309 a prime number?
False
Is 33320861 prime?
False
Is 8204773 a composite number?
False
Is 18035302 composite?
True
Is 508129 a prime number?
True
Is 4812253 a prime number?
False
Is 2559014 a prime number?
False
Is 3568781 composite?
False
Is 1084965833 composite?
True
Is 329596519 composite?
True
Is 31805633 composite?
False
Is 20038637 a prime number?
True
Is 953399 a composite number?
False
Is 1874395 a composite number?
True
Is 1355241 a composite number?
True
Is 27815191 a prime number?
True
Is 56321 composite?
True
Is 158715887 a composite number?
True
Is 1342049 a composite number?
False
Is 582461 a composite number?
True
Is 173703913 composite?
True
Is 8538473 composite?
True
Is 226063 composite?
False
Is 5761241 prime?
False
Is 294494711 composite?
True
Is 1327159 prime?
True
Is 12468251 prime?
False
Is 2442721 a composite number?
True
Is 1283819 composite?
True
Is 2117253187 composite?
True
Is 96096653 a prime number?
False
Is 3853151 composite?
False
Is 20718659 a composite number?
True
Is 5910263 composite?
True
Is 652730107 a composite number?
False
Is 147265315 a prime number?
False
Is 683681 prime?
True
Is 89459 composite?
False
Is 12872149 a prime number?
True
Is 175815647 composite?
True
Is 78853337 a prime number?
False
Is 850799 composite?
True
Is 81032621 prime?
True
Is 2345093 prime?
False
Is 89453765 composite?
True
Is 1708769 a prime number?
True
Is 24903511 composite?
False
Is 9146273 prime?
True
Is 44501131 a prime number?
True
Is 3337447 a prime number?
True
Is 174992063 a composite number?
False
Is 18632981 a composite number?
False
Is 8371729 composite?
False
Is 12265859 a prime number?
False
Is 193277 composite?
True
Is 7520099 prime?
True
Is 59678987 prime?
False
Is 186977 prime?
False
Is 1263289 a prime number?
False
Is 10907797 a composite number?
True
Is 214899593 composite?
True
Is 86472943 composite?
False
Is 5355139 a composite number?
False
Is 205201 a prime number?
True
Is 525069823 a prime number?
True
Is 16358167 a composite number?
True
Is 456487001 composite?
True
Is 26675017 a composite number?
False
Is 98234701 a composite number?
False
Is 79498411 composite?
True
Is 296642539 composite?
True
Is 235386563 prime?
False
Is 5185177 composite?
True
Is 566239 prime?
False
Is 101010718 prime?
False
Is 1588427 a prime number?
False
Is 9659891 a composite number?
False
Is 142386757 prime?
False
Is 15585373 prime?
True
Is 7262081 a prime number?
True
Is 7640519 prime?
True
Is 1214561 a composite number?
True
Is 175946579 a prime number?
True
Is 326702 a prime number?
False
Is 7290851 a prime number?
False
Is 15294341 a composite number?
False
Is 9847807 a composite number?
False
Is 5886359 composite?
False
Is 31127729 a prime number?
True
Is 89394181 composite?
True
Is 13526911 composite?
False
Is 437431033 a composite number?
True
Is 2000629 composite?
False
Is 14841137 composite?
True
Is 213240749 composite?
False
Is 447983707 a prime number?
False
Is 818011 composite?
False
Is 23982061 composite?
False
Is 319797997 composite?
True
Is 11345981 composite?
True
Is 11999699 prime?
True
Is 122471131 prime?
False
Is 83107751 a composite number?
False
Is 80125273 prime?
True
Is 4543061 prime?
False
Is 10194707 prime?
True
Is 793279 composite?
False
Is 36582323 prime?
True
Is 104531293 a composite number?
True
Is 7728707 prime?
False
Is 307983851 a composite number?
True
Is 102237271 a prime number?
False
Is 322447 prime?
False
Is 8695277 prime?
True
Is 37580341 prime?
True
Is 2024783 a composite number?
True
Is 7478257 a prime number?
True
Is 5833739 prime?
True
Is 78154439 a prime number?
False
Is 1289051 composite?
True
Is 89357186 a composite number?
True
Is 58172189 composite?
False
Is 80231213 composite?
False
Is 6008773 a composite number?
True
Is 1855495 composite?
True
Is 156467 a composite number?
False
Is 72741391 prime?
False
Is 12364109 a prime number?
False
Is 2561079 a prime number?
False
Is 8731571 a prime number?
True
Is 14292879 prime?
False
Is 140967413 a composite number?
False
Is 184702277 composite?
True
Is 41113141 a composite number?
False
Is 6087643 prime?
True
Is 273661 composite?
True
Is 3859585 a prime number?
False
Is 51290017 prime?
True
Is 64473 prime?
False
Is 8006513 a prime number?
True
Is 89474633 prime?
True
Is 1920701 a prime number?
True
Is 41452097 prime?
True
Is 7059307 a composite number?
False
Is 62299753 prime?
True
Is 807869 a prime number?
True
Is 158716331 composite?
False
Is 30688703 composite?
False
Is 6181531 a prime number?
True
Is 322577647 a composite number?
True
Is 33003667 composite?
True
Is 1075757 composite?
False
Is 14423105 a prime number?
False
Is 27552145 composite?
True
Is 26801 composite?
False
Is 2744219 a composite number?
True
Is 549140743 composite?
True
Is 9741751 composite?
True
Is 7583855 a composite number?
True
Is 23093579 composite?
True
Is 10372883 a composite number?
True
Is 37250651 prime?
False
Is 45834289 a prime number?
False
Is 74711647 a composite number?
False
Is 51353881 a prime number?
True
Is 2961067 prime?
True
Is 14953 a prime number?
False
Is 259935019 a prime number?
True
Is 16201945 a composite number?
True
Is 217058411 composite?
False
Is 209689853 a composite number?
False
Is 1028189 composite?
False
Is 4650311 a prime number?
True
Is 18429851 prime?
False
Is 2553821 composite?
True
Is 47222821 a prime number?
False
Is 804367 prime?
True
Is 17374579 a prime number?
True
Is 7015247 a prime number?
False
Is 9154747 a composite number?
True
Is 1092639 composite?
True
Is 12991967 prime?
True
Is 4138073 a composite number?
False
Is 2410873 prime?
False
Is 18183289 prime?
True
Is 82847629 prime?
True
Is 6786821 a composite number?
False
Is 1413931 prime?
True
Is 130421545 prime?
False
Is 8755367 composite?
True
Is 3746453 a composite number?
False
Is 157321 a prime number?
True
Is 164547587 composite?
False
Is 544599217 prime?
False
Is 18258377 composite?
False
Is 22614881 a composite number?
True
Is 10231951 a prime number?
True
Is 8283809 prime?
True
Is 912873307 prime?
True
Is 928022 prime?
False
Is 301056293 a composite number?
False
Is 3583915 a prime number?
False
Is 9308227 prime?
True
Is 411758 prime?
False
Is 6979261 composite?
False
Is 681040713 a composite number?
True
Is 49533997 prime?
True
Is 22499647 a composite number?
True
Is 8097431 a prime number?
True
Is 1135874 a prime number?
False
Is 16321957 a composite number?
False
Is 2013155 a composite number?
True
Is 23227822 a prime number?
False
Is 2962943 a prime number?
True
Is 20778599 composite?
False
Is 6458159 a prime number?
True
Is 7187813 composite?
True
Is 32152243 prime?
False
Is 2963869 prime?
True
Is 345985303 composite?
False
Is 7792669 a prime number?
True
Is 2534713 a prime number?
True
Is 3606563 a prime number?
True
Is 6648566 a prime number?
False
Is 6399209 composite?
False
Is 46675633 a composite number?
False
Is 1340154529 a composite number?
True
Is 38593645 a prime number?
False
Is 1440287 a composite number?
True
Is 118175479 a prime number?
True
Is 24519533 a prime number?
True
Is 3730579 composite?
False
Is 19829503 a composite number?
False
Is 400273 a prime number?
False
Is 17854477 composite?
True
Is 275621909 composite?
False
Is 1141873 a prime number?
False
Is 5848881 a composite number?
True
Is 85778761 prime?
True
Is 86970241 composite?
False
Is 14672587 a prime number?
True
Is 31320463 a prime number?
False
Is 3342791 prime?
False
Is 636841 a prime number?
False
Is 29732477 composite?
False
Is 133476611 composite?
False
Is 201281 composite?
False
Is 40877917 prime?
True
Is 322992827 a prime number?
True
Is 4834353 prime?
False
Is 386399 a prime number?
False
Is 3264533 a composite number?
False
Is 324678553 a prime number?
False
Is 2214091 a prime number?
False
Is 33525119 a composite number?
True
Is 67957679 a composite number?
False
Is 40226149 a prime number?
False
Is 673667 composite?
False
Is 97055333 composite?
False
Is 257783 a prime number?
True
Is 17365171 composite?
True
Is 1227671 a composite number?
True
Is 63497333 prime?
False
Is 44299859 a prime number?
True
Is 462997 a prime number?
False
Is 140317 a composite number?
F